 + -13 + -3).
8
What is the value of 3 + (6 + -2 - (11 + -3))?
-1
What is -1 + 5 - ((0 - -5) + -3)?
2
What is (-4 - -4) + -5 + 1?
-4
What is 0 + 1 + -20 + 22?
3
What is the value of (9 - -10) + -19 + (-2 - 0)?
-2
Calculate 12 + -5 - 4 - 8.
-5
What is -5 + (2 - 1) - 0?
-4
What is 4 - 0 - (7 - (-1 + 8))?
4
Evaluate -15 - (-9 - -3) - -15.
6
Evaluate 4 - (1 - (-3 + 0)) - 3.
-3
What is 2 - (4 + (1 - (4 + 0)))?
1
-4 + 6 - (3 - 10 - -2)
7
Calculate 4 + 0 + (3 - 2) - 0.
5
Calculate (4 - 0 - 6) + 2.
0
-4 - -6 - (1 - -1)
0
Calculate (6 + 8 - 16) + -6 + 1.
-7
What is the value of 7 + (2 - (1 - -6))?
2
What is 1 + 0 + -1 + 4 - 4?
0
-8 + (-8 - (-10 - 6))
0
Evaluate 1 - -6 - 8 - (-1 - -4).
-4
What is (8 - (10 + -5)) + -4?
-1
Calculate -8 + (4 - (-4 + 3)).
-3
What is -3 + 0 - (-3 + (0 - -2))?
-2
23 + -27 + (4 - 1)
-1
What is the value of 0 + 8 - (-1 + 4)?
5
What is (-12 - -8) + 0 + 5?
1
-7 - -7 - (-1 + 3 + 2)
-4
What is the value of 3 + (-12 - (-11 - -7)) + 7?
2
Evaluate -5 + -9 + (10 - -4).
0
Calculate (-1 - -3) + -9 + 11 + -7.
-3
What is the value of (2 - -3) + -25 + -6 + 18?
-8
(-1 - 2) + (-4 - -10) - 9
-6
Calculate (-5 - (-4 - -3)) + 6 - 1.
1
What is (-1 - -1) + -1 + 7?
6
What is the value of (-4 - 2) + 31 + -24?
1
What is 10 - (18 + -10 + -2)?
4
Calculate -4 - -1 - ((-3 - -3) + 1).
-4
3 + -2 + -2 + -6 + 3
-4
What is 3 + 0 + (-15 - (-3 + -7))?
-2
What is the value of (4 - (2 + -3)) + -3 + 4?
6
Evaluate (-1 - (-11 - -21)) + 11.
0
-3 - -4 - (-2 + 3 + -4)
4
Calculate -21 - -25 - (0 - (0 + 0)).
4
Evaluate -1 + 1 + (22 - 22).
0
Evaluate 3 + (-1 - (-2 + 4 + -1)).
1
Evaluate -1 + 5 + -10 + 0.
-6
(9 - (-6 + 8)) + -2
5
Evaluate 2 - 2 - (-4 + (-5 - -8)).
1
Evaluate 6 - 10 - -6 - 3 - 5.
-6
Calculate 13 + (-20 + 2 - -6).
1
What is 2 + -7 + (-11 - -17)?
1
What is the value of 2 - (5 + -1) - (-6 - 1)?
5
What is the value of (-44 - -44) + (-1 - (-1 - -2))?
-2
What is the value of -1 - 6 - (0 + -5)?
-2
Calculate 3 + -2 + -7 + 10.
4
Evaluate 1 - ((-3 - 2) + 4).
2
(4 - 5) + -10 - -7
-4
What is -2 + -3 - (-2 - 6)?
3
3 + 1 + -3 + (5 - 2)
4
What is the value of -4 + (-4 - -7) + -4?
-5
Evaluate 3 + -14 + 5 + 2.
-4
(0 - 1) + 2 + (137 - 139)
-1
Evaluate -4 + 0 - ((-2 - 2) + -6).
6
Evaluate 1 + -2 + -2 - (-9 + 1).
5
Evaluate (0 - 0 - 3) + (-10 - -13).
0
What is 14 - 23 - (-2 + -6)?
-1
Evaluate 14 + -7 + -3 - 0.
4
Evaluate -4 + -3 + -25 + 33.
1
Calculate -44 - -50 - (4 - 1).
3
Evaluate (6 - (-1 + 1)) + (-11 - -9).
4
What is the value of 0 - (4 + 0 - 0)?
-4
Calculate -3 - (7 + -2 - 5).
-3
What is -10 - (-5 - (-4 + 5))?
-4
22 - (-7 + 18) - 8
3
What is the value of 4 + (1 - 0) + -6 + 1?
0
Calculate (-5 + 1 - (16 - 21)) + 0.
1
What is the value of 74 + -75 + -2 + -1?
-4
Calculate -2 + 1 + (-7 - -10 - 4).
-2
Calculate 1 - 3 - 0 - 3.
-5
Calculate 1 + -3 + 4 - 1.
1
Calculate (3 - -2 - 3) + 1.
3
Calculate (-16 - (7 + -20)) + (-3 - -8).
2
Calculate (4 - (0 + 1)) + 0.
3
What is 10 + -8 + -12 - -3?
-7
Calculate 0 + -5 + 4 + 5.
4
Evaluate -8 + (11 - 6) + -2 + 2.
-3
2 - (10 - (-3 - -11))
0
(-1 + 1 - (11 - 13)) + 2
4
What is the value of 6 - (-3 - 0 - -7)?
2
What is the value of -2 - -3 - (46 + -42)?
-3
What is -4 - (-4 + -4 + 3)?
1
Calculate 43 + -46 + 0 + 9.
6
What is (5 - (-5 - -25)) + 8?
-7
What is the value of 4 - -2 - 14 - -12?
4
(-1 - -7) + -17 + 9 + -2
-4
What is the value of -75 + 64 - (-10 - -1)?
-2
6 - (-5 + 9 + -4 - -4)
2
Calculate -5 + -1 - 0 - -4.
-2
(1 - (-5 + 10)) + -5
-9
What is the value of 11 + -7 + 0 + 3 - 4?
3
Calculate -6 - (2 - (4 + 4)).
0
What is (-9 - (-10 - -3)) + 1 + 0?
-1
What is 4 + -9 + 2 + 3?
0
What is (4 - 9 - -1) + (1 - 2)?
-5
What is the value of (-3 - (-2 - -2)) + (11 - 3)?
5
Evaluate 0 - (5 + 2 + (3 - 4)).
-6
Calculate -2 + -5 - (-16 - -10).
-1
What is the value of 0 - (0 + 5 + -4)?
-1
Calculate 1 - -7 - (36 - 32).
4
What is the value of 10 + -14 - (-2 + 2)?
-4
What is (1 - -5) + -9 + (-5 - -10)?
2
What is the value of 1 - (0 + -6) - (-366 + 376)?
-3
What is (1 - 4) + -1 - (12 + -15)?
-1
What is the value of 0 + (2 + -6 - -1)?
-3
Evaluate (6 + -7 - -8) + -12.
-5
Evaluate (3 - 3 - 3) + (3 - -6).
6
Evaluate 9 - (-5 - -6) - 4.
4
What is 7 - (-12 - (0 - 8) - -2)?
9
(-12 - -30) + -14 - (1 - 1)
4
Calculate 7 - (6 - 3) - -1.
5
Calculate (2 - (1 + 0) - 1) + -1.
-1
What is the value of -5 - (-5 + (-7 - -5))?
2
Calculate 3 + -7 - (-4 - 3).
3
What is the value of -2 + 6 - 7 - 0?
-3
Calculate -8 - -8 - ((3 - 2) + -2).
1
-1 - (1 - (-1 + 3 + 1))
1
What is -6 + (1 - 0 - -3)?
-2
Calculate -6 + (5 - 7) + 5.
-3
Evaluate 0 + (-4 - (1 - 4)).
-1
Calculate (-4 + 2 - -3) + (-32 - -26).
-5
-5 - (1 + -3 - 5)
2
What is the value of -2 + 21 - (17 + -6)?
8
What is (0 - (2 - 8)) + -8 + 4?
2
Evaluate -17 + 5 + 6 + 6 + -3.
-3
Evaluate -1 - (-13 - (0 - 11)).
1
Evaluate -2 + 3 + -3 + 3.
1
What is the value of 1 + -9 - (-6 + 4)?
-6
What is the value of -26 + 12 + -3 + 9?
-8
What is -28 + 20 + (12 - 2)?
2
Evaluate 7 + -16 + 23 - 4.
10
What is 1 + 3 - (13 + (9 - 20))?
2
Evaluate 0 + 3 + 4 + (-8 - -1).
0
What is 3 - (-2 + (9 - -1))?
-5
What is 2 - (-5 - -6) - -2?
3
What is 3 + (-3 - 9) - (-33 - -27)?
-3
Calculate 15 + -7 + 5 + -15.
-2
What is the value of (-4 - -6 - 3 - 2) + -1?
-4
Evaluate 24 + (-3 - 39) + (-1 - -9).
-10
Evaluate 9 + -9 + -5 - (-4 + 1).
-2
What is the value of 3 + 1 + -6 + 1?
-1
Evaluate 2 + 1 + (-27 - -29).
5
(-13 - -13 - (-2 + 0)) + 2
4
Evaluate -6 + 2 - (13 + -13).
-4
Evaluate 6 + -4 + 2 + -3 + 3.
4
What is the value of 11 + 1 + -6 + (-6 - 2)?
-2
5 + (2 - 2) + -32 + 25
-2
(-2 - -1) + (3 - -1) + -9
-6
Evaluate (13 - 10) + 0 + -11.
-8
Evaluate -4 + -1 + (3 - -1) + -2.
-3
What is -5 - (-7 + 7 - (5 - -2))?
2
What is (-6 - -9) + -13 + 5?
-5
Calculate 14 - 3 - (37 + -26).
0
(0 + 2 - 0) + -6
-4
Calculate 0 - 5 - ((-10 - -4) + -4).
5
Evaluate 1 - -1 - (2 + -18 - -11).
7
What is (3 - 1) + (4 - 7)?
-1
Evaluate (-2 - -8 - (5 + -2)) + 1.
4
What is 3 + (0 + 1 - (-12 + 17))?
-1
Calculate -3 + 6 + 0 + 3 + -3.
3
Calculate -1 + -6 - (-8 - -6).
-5
Evaluate (-1 + -6 + 4 - 8) + 4.
-7
What is 53 + -51 - (0 + 0 + 1)?
1
What is 8 - (9 + -6) - 11?
-6
-16 - -20 - (-3 + 5)
2
Calculate 1 - ((5 - 9) + 1 + -2).
6
Calculate -11 - ((-6 - 14) + 7).
2
Calculate 1 - (5 - (6 + 0 - -4)).
6
What is 7 + -2 + 5 + -8?
2
Calculate -1 - (-2 + 4 - (-2 + 0)).
-5
What is 5 - ((4 - 1) + -4) - 2?
4
Calculate -15 + 5 + 1 + 16.
7
Calculate -14 + (15 - (20 - 10)).
-9
What is -20 + 7 + (-4 - (-11 - -1))?
-7
Evaluate -1 + (-6 - -3) + (-1 - 0).
-5
What is (26 - (22 + -9)) + -9?
4
Calculate (0 - 0) + 1 + 3 + -8.
-4
Evaluate 0 - ((3 - 0) + -1 - 0).
-2
Evaluate 2 - 9 - ((0 - 4) + 2).
-5
(-5 - -6) + 6 + -10
-3
What is the value of (0 - (1 - 4)) + 3 - 1?
5
Calculate 4 - -8 - -1 - 7.
6
What is -1 + (2 - 5) - (0 - 1)?
-3
-13 + (-11 - -20) - -13
9
Calculate -2 + (-2 + 0 - 0) - -3.
-1
9 + 2 + 7 + -12
6
Evaluate -5 - ((-7 - 10) + 5 - -3).
4
11 - (13 + (-5 - -1))
2
Evaluate 4 - 1 - (-2 + 5 + 2).
-2
What is the value of 0 + -3 - (2 - (3 - -1))?
-1
12 + (-3 - 0) + -13
-4
What is 2 - 10 - ((-1 - -5) + -8)?
-4
Calculate -3 + (-14 - -14 - -8).
5
What is 2 + -5 + 0 + 5?
2
What is the value of 0 - (16 - 7 - 6)?
-3
What is 2 - (-2 + 0 + 4)?
0
Calculate 1 - (-7 - 1) - 2 - 2.
5
Evaluate (-49 - -48) + 0 + -2 + 2.
-1
What is -4 - (2 - 6 - -1) - 2?
-3
(1 - 0 - (1 + -2)) + 1
3
Evaluate 1 - (-1 - (-5 + -4)).
-7
Evaluate (1 + (-2 - -7) - 2) + -10.
-6
Evaluate (-1 - -4) + -4 + -3 - -3.
-1
What is the value of (4 - -1) + (13 - 14)?
4
What is -14 + 25 - 7 - (1 - 1)?
4
Calculate (1 - 4) + -1 + 5.
1
What is the value of -11 + -1 + (50 - 40)?
-2
-7 + 3 + (-3 - -12)
5
What is (7 - 0) + -15 + 12?
4
(-4 - (-1 - 1)) + 4
2
33 - 32 - (-1 + 1 - 2)
3
5 - (-1 + 2) - (17 + -15)
2
What is (-1 - -1 - -15) + -3 + -7?
5
Evaluate -3 + -1 + -6 + 7.
-3
-5 + (-5 - (-12 - -3))
-1
Calculate 7 + (5 - 5 - 3).
4
Calculate -5 + -2 + (74 - 71).
-4
Evaluate (4 - (-1 - -4)) + -3.
-2
What is 0 + 1 + 1 - 0?
2
What is the value of -6 - (-7 + 3) - (-6 + 1)?
3
What is 1 + -3 - -6 - 4?
0
-2 - ((-9 - (-5 + 0)) + 3)
-1
Evaluate -10 - (-7 - -2 - -1).
-6
What is -5 + 7 - (2 + (-7 - -5))?
2
Calculate 6 + 1 + (-9 - -4) - -5.
7
7 + -8 + -1 + 8
6
What is -5 + 1 - (4 - 11)?
3
What is (4 - 3) + -1 - (-3 - -3)?
0
What is the value of (11 - 26) + (1 + -2 - -8)?
-8
What is the value of 9 + -2 + (3 